*2 - g - 5. Let x(s) = -5*s**2 - 3. Let i(v) = j*z(v) + 11*x(v). What is i(4)?
5
Let u(v) = -32*v**3 + 28*v + 6. Let a(j) = 11*j**3 - 10*j - 2. Let h(d) = -17*a(d) - 6*u(d). Determine h(1).
5
Let g(k) = 7*k - 4. Let j(a) = 6*a + 4. Let x(d) = 1. Let p(c) = j(c) - 8*x(c). Let f(m) = -5*g(m) + 6*p(m). Suppose 5*n - 13*n = -56. What is f(n)?
3
Suppose 2*t + 8 = 4*t. Let h be (0 - t/8)*10. Let f(n) be the first derivative of n**4/4 + 5*n**3/3 + n**2 - 3*n + 2. Determine f(h).
-13
Let c = 0 + -6. Let d(n) be the third derivative of -n**6/120 - n**5/10 + n**4/6 + 7*n**3/6 + 3*n**2 + 2*n - 123. Give d(c).
-17
Let v(k) = -3*k**2 - 47*k - 25. Let i be v(-15). Let x(m) = -9*m - 5. What is x(i)?
-50
Let p(t) = t - 10. Let d(c) = c**3 + 6*c**2 + 3*c + 1. Let o be d(-5). Let k be p(o). Let b(i) = -3*i**2 - i**2 - 5 + 5*i**2 + k + i. Give b(-4).
8
Let q(n) = 66 - 55 + 312*n - 311*n. Determine q(-4).
7
Suppose r + 4 = 2*n, r + 17 = 5*n + 2*r. Let x(q) be the second derivative of 0 - 4*q**2 + n*q - 1/6*q**3. Give x(0).
-8
Let i = 1164 + -1182. Let f(q) = -2*q - 23. Determine f(i).
13
Let p(a) be the first derivative of -3*a**2/2 - 4*a + 246. Calculate p(13).
-43
Let n = -2 + 1. Let b = -37 - -40. Let f(d) = -15*d + 10*d - 5*d**b - 4*d**3 + 1 + 7*d. Give f(n).
8
Let s(h) = -h**2 - 9*h - 14. Let f be s(-6). Suppose g - 14 - 1 = -5*i, -3*i - 4*g = -9. Let d(n) = 4*n**2 + n**i + 8*n - 10*n - 2*n**3 - 1. What is d(f)?
-9
Suppose -u + 4 = 3*a, 3*a = -0*a - 3. Suppose -3 = -y + u. Let f(g) = 2 - 4 + g + y. Determine f(-6).
2
Let v(p) = 167 - 4*p - 85 - 84. What is v(4)?
-18
Let u(t) be the first derivative of t**2/2 + t - 331. Suppose -5*i + 0*i = -5. What is u(i)?
2
Let i(t) = t**3 + 11*t**2 + t - 2. Let w(j) = -4*j**2 + 1 + 3*j**2 - 2. Let m(r) = i(r) + 4*w(r). Determine m(-6).
24
Let b(s) = 9*s**3 + 2*s**2 + 3*s + 1. Suppose -12 = -3*a, -17*n + 20*n + a = 1. Determine b(n).
-9
Let r(u) = 3*u - 4. Suppose -2*p = 2*p - 16. Suppose -p*w = -7 - 5. Let s be (0/w)/(-4) + 3. Determine r(s).
5
Let m(w) = -w - 19. Suppose u + 6 + 33 = -3*z, -39 = 3*z - 5*u. Determine m(z).
-6
Let i(q) be the second derivative of -q**5/20 - q**4/3 + q**3/6 + q**2 - 8*q. Suppose 5*r - 8 = 7*r. Give i(r).
-2
Let z(v) = -4*v**2 + 4*v - 2. Let i(s) = -3*s + 1. Let u be i(2). Let f be 5/(-25) + 24/u. Let a(r) = -5*r**2 + 4*r - 3. Let l(p) = f*a(p) + 6*z(p). Give l(-2).
-1
Suppose 5*s - 3*z - 4 = -0*s, 2 = -2*s + 3*z. Let p(b) = 4*b - 12*b + 5*b + 2 - b**2. Calculate p(s).
-8
Let j(o) = o**2 + 7*o - 1. Let c = 119 + -81. Let z = c + -44. Calculate j(z).
-7
Suppose 97*q = 86*q + 55. Let n(t) be the third derivative of 0*t - 1/120*t**6 - 7/60*t**q + 0 - 5/24*t**4 + 1/2*t**3 + 2*t**2. Give n(-6).
-3
Let j(l) be the second derivative of -10*l + 1/6*l**3 + 1/60*l**5 - 5/24*l**4 + 0 - 2*l**2. Let v(y) be the first derivative of j(y). What is v(5)?
1
Let j(v) = v**2 - 3*v - 1. Let c be j(4). Suppose 2*u + 3 = -1, -c*h - 2*u - 1 = 0. Let i(q) = -2 + 2*q + h - 2*q - 5*q. What is i(1)?
-6
Let p(t) = -t**3 - 2*t**2 + 3*t + 1. Let h(a) = a**2 + 5*a + 3. Let n be ((-2)/(-4) - 2)/((-7)/(-14)). Let y be h(n). Give p(y).
1
Let r(q) = -q**3 - 9*q**2 + 12*q + 8. Let s = -180 - -170. Determine r(s).
-12
Let h(s) = -s - 7. Let y(b) = -b**2 + 12*b - 11. Let m be y(7). Suppose m = -2*q + 6*q. Determine h(q).
-13
Let y(p) = -p. Let d(i) = 23*i + 116. Let a be d(-5). What is y(a)?
-1
Let k(c) = c**2 + 9*c - 9. Let f(n) = n**2 + 17*n - 17. Let h(i) = 4*f(i) - 7*k(i). Determine h(2).
-7
Let x(a) be the second derivative of -a**5/20 - a**4/6 + a**3/3 + a**2/2 + 4*a. Let l be x(-3). Let z(i) = -14*i + 3*i**2 + 8*i - l*i**2 + 10*i. Calculate z(6).
-12
Let p = 4 + -5. Let m be 9/3 + 0/p. Let b(g) = 11 + 4*g**3 - 10 + 4*g + 2*g**2 - 5*g**m. Give b(3).
4
Let u be ((-50)/15)/((-10)/15). Let n(s) = -s + 1. Let g(r) = -8*r + 3. Let k(t) = -g(t) + 6*n(t). Determine k(u).
13
Let f(t) = -6*t**3 - 2. Let c(k) = 10 + 7 - 20 + 4. Suppose 18 = -3*d + 2*d + 4*q, 4*d + 28 = 5*q. Let h(g) = d*c(g) - f(g). What is h(1)?
6
Let x be 8/(-6) - (-8)/6. Let b be 0 - (2 + -6 + x). Let o(c) = 2*c - 3. Calculate o(b).
5
Suppose 330 = 49*x - 356. Let i(o) = -o**3 + 13*o**2 + 18*o + 10. What is i(x)?
66
Let w(x) = -x**3 + 6*x**2 + 8*x + 2. Let i be w(7). Suppose a + 89 = 5*g, 2*g - i - 17 = -2*a. Let m(l) = 7*l + 2*l - l**2 - g + 8. Determine m(7).
5
Let a(q) = -9*q**2 - 2*q + 1. Let s be (((-1)/8)/(12/(-96)))/1. What is a(s)?
-10
Let g be 25/(-4) - (-2)/8. Let h(c) be the third derivative of 0 - 2/3*c**3 - 1/24*c**4 + 0*c + 11*c**2. Calculate h(g).
2
Let h be ((-8)/14)/(6/(-21)). Suppose -3*z - h*z = -60. Let y(w) = -w**3 + 13*w**2 - 12*w + 1. Let v be y(z). Let k(d) = -6*d**3 - d**2. Determine k(v).
-7
Let g(x) = 4*x. Let i(b) = 2*b + 30. Let t be i(-12). Let l be ((-147)/(-98))/(t/8 - 0). Calculate g(l).
8
Let r(j) be the first derivative of -j**3/3 + 4*j**2 + 15*j + 191. Determine r(10).
-5
Suppose m = -3*u - 10 - 6, 0 = -2*m + 2*u. Let b(x) = -x. Give b(m).
4
Suppose 2*r + 4 = -6. Let l be (-2)/2 - -5 - r. Let i(x) = x**2 - 11*x + 12. Determine i(l).
-6
Suppose 0 = 5*o - p - 28, o - 7 = 3*p + 7. Let j(g) = 3*g**2 + 5 + 34*g - g**3 + 5*g - 34*g. What is j(o)?
-20
Let o(l) = -2 + 29*l - 18*l - 14*l**2 - 19*l + 15*l**2. Suppose 3 = -2*v + 1, -c - 3*v + 5 = 0. Determine o(c).
-2
Let o(r) be the first derivative of r**4/4 + 7*r**3/3 - r**2/2 - 7*r - 94. Let d = -27 - -20. What is o(d)?
0
Let w(q) = q**2 - 9*q + 4. Let r be 88/40 + -1*8/(-10). Suppose -4*f - p + 36 = -0*p, -4*p = -r*f + 8. Calculate w(f).
-4
Let n(a) = -22 + 67 + a - 4 - 22. Calculate n(-8).
11
Let a(r) = 4*r - 5*r**2 - 4 + r + 4*r**2 - r. Calculate a(3).
-1
Let o(j) = -j**2 + 6*j - 2. Let n be 476/44 + -4 + 4/22. Calculate o(n).
-9
Let h(x) = -x**3 + x + 5. Let r be h(0). Let k(j) = 29 + 0*j - 13 + 2*j - 15. What is k(r)?
11
Let w(r) = 21*r**2 + 7*r - 1. Let g(f) = 19*f**2 + 6*f - 1. Let j(a) = 5*g(a) - 4*w(a). Give j(1).
12
Suppose -3*y - 4*d = -47, 0 = -5*y - d - 3 + 53. Suppose 47 + 25 = -y*n. Let p(k) = -k - 7. What is p(n)?
1
Suppose 3*h = -5*a + 13, 0*h + 2*h + 4 = 3*a. Suppose 0*d = -2*d - s + a, -2*s = 0. Let b(x) = 9*x + 1 - 2*x + x**2 + d. Give b(-4).
-10
Let o(f) = -2*f**2 + 3*f + 5. Let k(m) = -4*m**2 + 6*m + 16. Let q be k(3). Give o(q).
-9
Let a(z) = -11*z - 9. Let i(u) = 4*u + 3. Let j(s) = -3*a(s) - 8*i(s). Suppose -132 = 13*p - 57*p. What is j(p)?
6
Suppose 3*f + 2*l - 95 = 6*f, f = -3*l - 39. Let h be ((-4)/(-3) - -1)/((-11)/f). Let q(v) = -v**3 + 8*v**2 - 6*v - 4. What is q(h)?
3
Suppose 0*u - 65 = -u. Suppose 12*w = -w - u. Let q(r) = r**3 + 4*r**2 - 4*r + 3. Determine q(w).
-2
Let b(h) = -h + 3. Let c be b(8). Let j(t) = -2 + 225*t**3 + 5*t**2 + 2*t - 224*t**3 - 1. What is j(c)?
-13
Let u(d) = 6*d + 57. Let g(o) = o + 11. Let r(n) = 11*g(n) - 2*u(n). Give r(9).
-2
Let t = -4 + 2. Let j(n) = n**2 + n + 2. Let r be j(t). Let m(o) be the first derivative of -o**2 - o - 62. What is m(r)?
-9
Suppose -s + 2*d = -10, 0 = -4*s - d + 9 + 4. Let y(x) be the second derivative of -x**4/12 + 2*x**3/3 - x**2 + 212*x. What is y(s)?
-2
Let i(z) = -60*z - 84. Let k(r) = 11*r + 17. Let f(t) = -2*i(t) - 11*k(t). Determine f(-9).
-10
Let z(o) be the first derivative of -o**3/3 - 3*o**2 + 7*o - 1. What is z(-5)?
12
Let d(v) = v + 1. Suppose k + 11 = -13. Let h be k/(-28)*14/3. Suppose -4*r = 4*x + r - 17, -3*x + 14 = h*r. Determine d(x).
-1
Let x(j) = 3*j - 4. Let w = 4 - 2. Suppose 0 = w*i - 3*i - 3. Let q be (-16)/i - 4/12. Give x(q).
11
Let x(c) = -4*c + 2*c + 7*c**2 - 6*c + 4 - c**3. Suppose -2*v = -13 + 5. Suppose -7 = -u + v*a - 17, 3*a = 2*u. What is x(u)?
-8
Suppose -5*l - 5 - 20 = 0. Let z(n) be the third derivative of 15*n**2 - 7/6*n**3 - 7/24*n**4 + 0 - 1/60*n**5 + 0*n. Determine z(l).
3
Suppose 4*w - b + 18 = 0, -49*b + 18 = -5*w - 50*b. Let i(u) = 2*u + 1. Let v(a) = -2*a - 2. Let y(x) = 4*i(x) + 5*v(x). Give y(w).
2
Let y(t) = t**2 + 4*t + 3. Suppose -2*w - 49 = 3*n + 2*w, -2*n - 4*w - 34 = 0. Let k = n + 10. Calculate y(k).
8
Let h(i) = -i**2 + 3*i - 2. Let f be h(2). Suppose 4*k + 20 = 0, -c + 2*k - 7*k - 23 = f. Let o(j) = 4*j + 2. Determine o(c).
10
Let s be 4/(-28)*-35 - 15. Let a(f) = -f - 7. Calculate a(s).
3
Let m(s) = -1. Let i(o) = -o**2 - 5*o + 2. Let h(x